18134?
17cd8
In base 3, what is 12102 - -10011100021?
10011112200
In base 16, what is -d5d9fb - 2?
-d5d9fd
In base 16, what is 15ff1 - 5c0?
15a31
In base 13, what is 17 + 226512?
226529
In base 7, what is -264056112 - 42?
-264056154
In base 13, what is 2c299 + 26b5?
31981
In base 7, what is 252316 - -165?
252514
In base 10, what is 127725 - -1488?
129213
In base 2, what is -10001101010010001010010 + 1?
-10001101010010001010001
In base 3, what is -2 - 10202212102110202?
-10202212102110211
In base 12, what is -5 - -134b49b6?
134b49b1
In base 3, what is 2202 + 11022011102?
11022021011
In base 5, what is 301303431114 + 4?
301303431123
In base 6, what is -540450022 + 1?
-540450021
In base 16, what is a95bf23 - 0?
a95bf23
In base 16, what is b - -28597c1?
28597cc
In base 15, what is 84 + -12d887?
-12d803
In base 6, what is -3 - 32450102041?
-32450102044
In base 12, what is 476b93012 + 0?
476b93012
In base 3, what is 1221021 + 1210010101?
1212001122
In base 5, what is -320202 - 311033?
-1131240
In base 5, what is 231 + 20004342?
20010123
In base 15, what is 485b - 99?
47b2
In base 6, what is -1 + -42205053?
-42205054
In base 8, what is -2 - -21200546?
21200544
In base 7, what is -233252 - -15355?
-214564
In base 14, what is -20b - -10278?
1006b
In base 13, what is -622 - 9b524?
-9bb46
In base 15, what is 171e + -4a3?
126b
In base 9, what is 772254773 + -5?
772254767
In base 8, what is 51 + 74070544?
74070615
In base 15, what is 3 + 94dc4?
94dc7
In base 12, what is -20b3652 - 88?
-20b371a
In base 8, what is 150 + -104772?
-104622
In base 8, what is -410 + 4360771?
4360361
In base 15, what is -327 - 9cd81?
-9d1a8
In base 9, what is 565286 - 7?
565278
In base 12, what is 494 - 201154?
-200880
In base 4, what is -101 - -1311201323300?
1311201323133
In base 4, what is 111 - 31120023?
-31113312
In base 13, what is -80a0 - 2a9?
-8379
In base 12, what is -27b11 + 265?
-27868
In base 11, what is 4117 - -2757?
6873
In base 2, what is 1100111110100 - -111100101100?
10100100100000
In base 12, what is 300 + -26a765?
-26a465
In base 11, what is 125326 - 2a?
1252a7
In base 5, what is -13233213 - -34342?
-13143321
In base 8, what is 525 + -151365?
-150640
In base 7, what is 4 - -65520332?
65520336
In base 8, what is 714715522 + -1?
714715521
In base 3, what is -1010100100210 + 10?
-1010100100200
In base 12, what is aaa0b5b - 3?
aaa0b58
In base 7, what is -3236416406 + 1?
-3236416405
In base 10, what is 7058 - 193?
6865
In base 4, what is -113003 + 13003120?
12230111
In base 14, what is -587 + -a74b8?
-a7a61
In base 8, what is -3630 + 236656?
233026
In base 8, what is 10 + -10577457?
-10577447
In base 4, what is -1 + -3331223313133?
-3331223313200
In base 2, what is 111011000 + -11100110001110?
-11011110110110
In base 16, what is -51d48a + -3?
-51d48d
In base 6, what is -32 - 150035021?
-150035053
In base 6, what is 33052420302 + 4?
33052420310
In base 13, what is 43a - 2409?
-1c9c
In base 5, what is -203031130 - 112?
-203031242
In base 13, what is 1ba6 - -385c?
5735
In base 2, what is -101111110 + 11000011110100101?
11000011000100111
In base 2, what is 100101001 - 1010100110011?
-1010000001010
In base 12, what is 92bb231 + -4?
92bb229
In base 8, what is 106707 - 50?
106637
In base 2, what is -11100100111100 - -10000111110011?
-1011101001001
In base 10, what is -65748 + -1178?
-66926
In base 14, what is -1071 + -114?
-1185
In base 2, what is 1001011011 + 10100100010011?
10101101101110
In base 5, what is -234 + -1213340411?
-1213341200
In base 7, what is 243 - 51215434?
-51215161
In base 9, what is -3157476 - 3?
-3157480
In base 14, what is -13 - -3626aa?
362697
In base 11, what is 147583 + -300?
147283
In base 15, what is -4ee18 + 13d?
-4ecca
In base 16, what is -6 + 1db3b9?
1db3b3
In base 12, what is 9 + -274a854?
-274a847
In base 11, what is 31a8 - 18?
3190
In base 9, what is 372226352 - 1?
372226351
In base 12, what is -11891 + 229?
-11664
In base 5, what is 2212411233344 - -2?
2212411233401
In base 13, what is -12b - -510c0?
50c92
In base 6, what is 2 - -35201544?
35201550
In base 8, what is -7250 - 3464?
-12734
In base 3, what is -112 - 102112002011020?
-102112002011202
In base 15, what is -26 - 76ba1?
-76bc7
In base 14, what is -5 - 58a1ac?
-58a1b3
In base 13, what is 183 - 6c438?
-6c285
In base 7, what is 31610 + -1104?
30503
In base 10, what is 658724 + -593?
658131
In base 13, what is 164 + -13c593?
-13c42c
In base 3, what is 12120 - 212221100201?
-212221011011
In base 15, what is 1040 + -bb5e?
-ab1e
In base 2, what is -1000000111101000 + 10111001?
-1000000100101111
In base 6, what is 203015540 - 2?
203015534
In base 9, what is -1327 + -6413?
-7741
In base 12, what is -292978 - -2?
-292976
In base 11, what is -1 - 1122872?
-1122873
In base 5, what is 131 + -1204030402?
-1204030221
In base 13, what is -3 - -2c13a8?
2c13a5
In base 16, what is 2233bf - -86?
223445
In base 14, what is -64 - -2ad72?
2ad0c
In base 5, what is 10 + -401230340310?
-401230340300
In base 12, what is 5 + 430832?
430837
In base 15, what is -20615a32 + 5?
-20615a2c
In base 8, what is -62557 - 137?
-62716
In base 5, what is 42302 - -143424?
241231
In base 8, what is -4604653 + -175?
-4605050
In base 5, what is -3302302 + 1132?
-3301120
In base 8, what is 1364 + 5116?
6502
In base 16, what is -1c9 + -2523?
-26ec
In base 2, what is -1010 - -110010001010101111?
110010001010100101
In base 5, what is 3013313334 - 21?
3013313313
In base 11, what is 552 - -2146a?
21a11
In base 10, what is 2 + 3064898?
3064900
In base 6, what is 2103214233 + -23?
2103214210
In base 5, what is 2413200 - 3041?
2410104
In base 4, what is -331031203 - 110130?
-331201333
In base 12, what is -2 - -25182415?
25182413
In base 8, what is -52611333 + 16?
-52611315
In base 15, what is 1 - -97060e?
970610
In base 6, what is -3525130 + 102?
-3525024
In base 3, what is 111112211110202 - 1102?
111112211102100
In base 7, what is -10604032 - -221?
-10603511
In base 8, what is -331544557 - 5?
-331544564
In base 4, what is 10123 + 20101001?
20111130
In base 2, what is 11000 - 11111101000100111?
-11111101000001111
In base 11, what is -16a91 + 111?
-16980
In base 3, what is -11111010200222 + -21?
-11111010201020
In base 5, what is -1212331 - -12303?
-1200023
In base 3, what is -10220121 + 10101120211?
10020200020
In base 5, what is 2 + -32030104013?
-32030104011
In base 9, what is -4625 + -8177?
-13813
In base 6, what is -1321 - 222054?
-223415
In base 7, what is -201033 - 12243?
-213306
In base 7, what is 50 - -133536615?
133536665
In base 14, what is 1b + 1d083?
1d0a0
In base 7, what is 604531 + -10052?
564446
In base 11, what is -28 + 4aa844?
4aa817
In base 9, what is -4 - -142161404?
142161400
In base 13, what is 7c39977 - 1?
7c39976
In base 16, what is -2 - 1ce8f4?
-1ce8f6
In base 11, what is -a885 + -110?
-a995
In base 13, what is -4b72 - 61c?
-5491
In base 8, what is 17 - 11572274?
-11572255
In base 2, what is 10000010010111101 - 100100011?
10000001110011010
In base 6, what is -3354 - -132210?
124412
In base 10, what is -1347 + 5588?
4241
In base 4, what is 1122121302 - -1?
1122121303
In base 16, what is -a7a - -dd5?
35b
In base 11, what is 10590 + -895?
a7a6
In base 13, what is 0 + -373395?
-373395
In base 12, what is -b08 - 59399?
-5a2a5
In base 11, what is 13248789 - 1?
13248788
In base 2, what is 1101000000 - -100101001001?
110010001001
In base 4, what is -32302 + 201111223?
201012321
In base 14, what is -d4aa0a + 3?
-d4aa07
In base 3, what is 202221121 - -10000?
210001121
In base 10, what is -76 + 1537627?
1537551
In base 13, what is -101 + -4a98?
-4b99
In base 8, what is -3164 - 12232?
-15416
In base 9, what is 3 - -20304335?
20304338
In base 2, what is 11001010111001000110001 + 100?
11001010111001000110101
In base 12, what is -388b1b0 + -22?
-388b212
In base 5, what is -2 - 40221433101?
-40221433103
In base 5, what is -3443 - 240333444?
-240342442
In base 10, what is 93083 - -70?
93153
In base 13, what is -a + -76119b8?
-76119c5
In base 13, what is 22b0a50a - 3?
22b0a507
In base 15, what is 84e4 + -1dd6?
660d
In base 15, what is -69 + 42240d?
422394
In base 6, what is -3224 - 2421521?
-2425145
In base 5, what is -4441 + 3030402?
3020411
In base 15, what is -6d7 - -67cc?
60e5
In base 7, what is -45255 + 3323?
-41632
